2, 83
Suppose 0 = -m + 397 + 545. Suppose 3*j + 39 - m = 0. List the prime factors of j.
7, 43
List the prime factors of 1862/(-76)*(1 - 93).
2, 7, 23
Let k be (-3)/(-6)*-2*-4. Suppose -7*f + 2*f - 4*s + 19 = 0, k = 2*f - 2*s. Suppose 0 = -f*r + 131 + 139. What are the prime factors of r?
2, 3, 5
Suppose -3*d = -4*d + 15*d - 153048. List the prime factors of d.
2, 3, 911
Let t = 4114 - -1945. What are the prime factors of t?
73, 83
Let c(z) = z**2 - z. Let m(j) = 4*j**2 + 3*j - 1. Let g(i) = -c(i) - m(i). Let q be g(-1). List the prime factors of ((-4)/(-8))/(q/(-192)).
2, 3
Let b(k) = 2*k + 164. Let r be (-8)/(-60) + (-6)/45. Let l be b(r). Suppose -4*g - 4*n = -l, 0*g = 4*g + 3*n - 160. List the prime factors of g.
37
Let k be (-81)/(-135) - 1134/(-10). List the prime factors of (1 - 1) + 0 - (-95874)/k.
29
Suppose -5*a - 2*s + 160 = 0, -3*a + 140 = 2*a - 2*s. Let w(y) = y**3 - 7*y**2 - 8*y - 4. Let o be w(9). Let i = o - a. What are the prime factors of i?
2, 7
Let c be (-1)/(110/(-165)*6/1348). Let z be (-58)/4*(-32)/(-2). Let x = z + c. What are the prime factors of x?
3, 5, 7
Suppose -17204 + 84716 = 29*h. List the prime factors of h.
2, 3, 97
Suppose 0 = -h, -2*b - 7581 = -3*b - 2*h. Suppose -2*s - 19*s = -b. What are the prime factors of s?
19
Let u(z) = 8*z - 4. Let i(l) = -23*l + 12. Let t(p) = -2*i(p) - 7*u(p). Let m be t(2). Let r = m + 44. What are the prime factors of r?
2, 7
Suppose 4*y + 5296 = 13788. Suppose 5*i - 4*f = 3541, 2*f = 3*i - 2*f - y. List the prime factors of i.
709
Let w(h) = -h**3 - 25*h**2 + 17*h - 9. Let y be w(-13). Let f = y - -3930. Suppose 0 = 8*o - 19*o + f. What are the prime factors of o?
2, 19
Let l(d) be the third derivative of 2*d**5/15 + d**4 - 3*d**3/2 - 2*d**2 + 40. List the prime factors of l(-6).
3, 5
Suppose -4*j - 11 + 31 = -2*l, 5*l + 6 = -j. Let g be l/(2/(-1)) + 4. Let z(o) = -o**3 + 9*o**2 - 4*o. List the prime factors of z(g).
2, 5
Let k be (-1)/((-2)/(-2032)) + 1. Let u = k + 1500. List the prime factors of u.
5, 97
Let u(t) = t + 4. Let i be u(1). Suppose 0 = i*h - 9*h + 52. Suppose -228 = -5*y - h. List the prime factors of y.
43
Let k(z) = z - 44. Let h(c) = -c**3 + 18*c**2 - 16*c + 4. Let a be h(17). Let i be k(a). Let u = -6 - i. List the prime factors of u.
17
Suppose -12*g + 15*g + 2*h = 13794, -9197 = -2*g - h. List the prime factors of g.
2, 5, 23
Let v = 291 + -293. List the prime factors of ((-6)/(-12)*17)/(v/(-204)).
3, 17
Let q(k) = -51*k + 576. What are the prime factors of q(-14)?
2, 3, 5, 43
Let p = 22337 + 2508. List the prime factors of p.
5, 4969
Suppose 4*i - 4276 = -4*v, 3*i + v = 2146 + 1051. What are the prime factors of i?
2, 7, 19
Let n(a) = 10*a**2 - 9*a - 2. Let z be n(-9). Let s = 113 + z. List the prime factors of s.
2, 3, 167
Suppose -6 = -3*z - 5*t, 3*t + 23 = 2*z - 0*z. Let l = -5 + z. What are the prime factors of (2 - l)*1 + 5?
5
Suppose m - 10 - 27 = 0. Suppose 0 = -3*b + 3*x + 24, -m + 1 = -4*b + 5*x. What are the prime factors of 4*(-2)/(b/(-41))?
2, 41
Suppose -2*v + p + 402 = 0, -3*p - 211 = -3*v + 2*v. Let r be ((-5690)/4)/(115/(-46)) + -4. Suppose 3*t = -v + r. What are the prime factors of t?
2, 61
List the prime factors of (182/(-65))/14 + 1 + (-3781)/(-5).
757
What are the prime factors of 2/(-5)*5 + 15 + 2166?
2179
What are the prime factors of 1 + 2 + 3075479/217 - (-4)/14?
2, 443
Suppose -105*x + 1211 + 5194 = 0. Suppose -4*l = -0*l - 8. Suppose -5*q = 4*z - x + 15, 3*q - l*z - 10 = 0. What are the prime factors of q?
2, 3
Let i(l) = -19*l**3 - 9*l - 4. Let b(g) = g**3 + g**2 + 1. Let h(y) = -5*b(y) - i(y). What are the prime factors of h(2)?
109
Suppose -36*h + 39*h - 12 = 0. What are the prime factors of (h + 63/(-14))*-1*758?
379
Let r(b) = 2*b**2 + 26*b. Let g be r(-13). Let j(s) = 2*s**2 - 4*s + 327. List the prime factors of j(g).
3, 109
Let p(d) = -183*d - 44. Let x(c) = -182*c - 42. Let f(a) = 2*p(a) - 3*x(a). What are the prime factors of f(3)?
2, 17
Suppose -2*p + 5*s = 6*s - 1313, -s = 5*p - 3281. Suppose 1336 = 24*h - p. What are the prime factors of h?
83
Let m(q) = -q**2 + 3*q - 5. Suppose 4*d - 6*v = -v, 0 = 2*v. Let j be m(d). Let g(n) = n**2 + 2*n + 7. What are the prime factors of g(j)?
2, 11
Suppose 187*r = -143*r + 13868250. What are the prime factors of r?
5, 41
Suppose 0*k + 2*k = -4. What are the prime factors of ((-405)/10 + 8)*8/k?
2, 5, 13
Let r be ((-6)/8)/((-3)/16). Suppose 303 = -3*g + r*g + i, 0 = g + 4*i - 288. List the prime factors of g.
2, 7, 11
Let t(u) = u**3 - 13*u**2 + 38*u + 7. Let j = 116 + -112. List the prime factors of t(j).
3, 5
Let s(x) = x**3 - 19*x**2 + 20*x + 5. Let k be (-12)/15 + 846/45. Let j be s(k). Suppose 0 = 4*d - 5*l - 61, -d = -4*d - l + j. What are the prime factors of d?
2, 7
Suppose 0 = -24*x - 2 + 26. Let o(h) = 211*h + 5. What are the prime factors of o(x)?
2, 3
Let a(f) = -f**3 + f**2 + 5. Let d be a(2). Let o = 14 - d. Suppose 295 = o*h - 667. List the prime factors of h.
2, 37
Suppose -5*g + 5588 = -g - 3464. List the prime factors of g.
31, 73
Suppose 4*k = -i + 18, -2*k - 3*i - 4 + 18 = 0. Suppose 7*a - 5*a - 704 = -k*s, -5*a = 0. What are the prime factors of s?
2, 11
Let q(m) = m**2 + 3*m + 2. Let p be q(-3). Suppose p*x - 213 = -189. Suppose -r + 284 = c, x*c - 10*c = 5*r + 589. List the prime factors of c.
7, 41
List the prime factors of 10/(-25)*(-688240)/32.
7, 1229
Let p(f) = -6*f + 128. Let w be p(21). Suppose -4*a = v - 271, 4*a = w*v + 8*a - 538. List the prime factors of v.
3, 89
Let c(q) = q**2 - 28*q - 75. Let l be c(31). Suppose 1355 - 437 = l*u. What are the prime factors of u?
3, 17
Let w(m) = -m**3 - 18*m**2 + m + 25. Let d be w(-18). Suppose d*q = 4*q. Suppose l + 4*k - 34 - 57 = 0, q = 5*l + k - 455. What are the prime factors of l?
7, 13
Let y be ((-82)/3)/(10/(-45)). Let w = 0 + y. What are the prime factors of 4*(1/4)/(3/w)?
41
Let f = 13978 - 6893. List the prime factors of f.
5, 13, 109
Let r be (-4)/((-8)/34) + 4/(-1). Suppose -r*z = -8*z - 1215. What are the prime factors of z?
3
Let w(a) = -528*a**3 - a**2 - 70*a - 147. What are the prime factors of w(-2)?
11, 383
Suppose 5*o + 149456 = 2*h, 0 = -5*h + 147*o - 144*o + 373716. What are the prime factors of h?
2, 3, 6229
What are the prime factors of 12/78 + (-5)/((-325)/879570)?
2, 17, 199
Let i(s) = s**3 - 7*s**2 + 4*s - 20. Let r be i(6). List the prime factors of (1896/32)/((-6)/r).
2, 79
Let y(c) = -22*c**3 - 6*c**2 + 13*c + 8. Let h be y(-8). What are the prime factors of h/6 - 12/36?
3, 599
Let q = 21554 + -12816. What are the prime factors of q?
2, 17, 257
Suppose 150 = -105*p + 108*p. Suppose -9*r - 5*l + 22 = -8*r, 5*l = 5*r - p. What are the prime factors of r?
2, 3
Suppose -x = d - 2, 1 + 12 = 5*x + 4*d. Suppose 5*v + 1149 = x*q + v, -v = 4*q - 936. What are the prime factors of q?
233
Let o be 2/(10/15) + -4 + 968. Suppose -2*s + 193 = -o. List the prime factors of s.
2, 5, 29
Suppose 2*l = 2*q - 696, -41*l + 45*l + 354 = q. Suppose -4*n - 3*r = -q, 5*r + 266 = 3*n + 4*r. List the prime factors of n.
2, 11
Suppose -6*r + 8*r = 0. Suppose 0 = -2*t + 2*f + 3*f + 286, r = -5*t - 4*f + 682. Suppose -12*j + 162 = -t. List the prime factors of j.
5
Let j = 17 + -12. Suppose 5*n + 94 = u, j*u - u + n - 292 = 0. Let m = 110 - u. What are the prime factors of m?
2, 3
Suppose -4*m + 32 = -3*m. Let g = -27 + m. Suppose -71 = -2*r - g*x, 5*r - 2*r - 5*x - 69 = 0. What are the prime factors of r?
2, 7
Suppose -3*u + 4679 = 46 - 1682. What are the prime factors of u?
5, 421
Suppose -7*m + 722 = -1021. Let k = 259 + m. List the prime factors of k.
2, 127
Let p(c) = 2*c**2 - 2*c + 27. Let v(l) = 3*l**2 - 3*l + 41. Let h(q) = -7*p(q) + 5*v(q). Let i be h(-11). Let u = i + -52. What are the prime factors of u?
2, 3
List the prime factors of (3 - 341580/(-24)) + 6/(-4).
2, 11, 647
Suppose 4*j + 2*t - 8344 = 2*j, -8344 = -2*j + t. List the prime factors of j.
2, 7, 149
Suppose 11*l + 5*l - 25056 = 0. Suppose -2305 - l = -5*s - 3*d, -4*s + 3100 = 4*d. What are the prime factors of s?
773
Let j = -1718 - -50583. List the prime factors of j.
5, 29, 337
Suppose -50*b - 44 = -46*b. Let y(s) = -s**2 - 14*s - 19. Let p be y(b). What are the prime factors of (-5 - 23)*(-4)/p?
2
What are the prime factors of ((